late the greatest common divisor of 47334001 and 221.
221
What is the greatest common factor of 168 and 7471338?
42
What is the greatest common factor of 162 and 3560031?
81
What is the greatest common divisor of 28114019 and 613?
613
What is the greatest common divisor of 1012 and 24766699?
23
Calculate the greatest common divisor of 1639209 and 528.
33
What is the greatest common factor of 31667648 and 5165?
1033
What is the greatest common divisor of 4 and 9825052?
4
Calculate the greatest common factor of 2530590 and 670.
670
What is the greatest common factor of 17840 and 2960?
80
Calculate the highest common divisor of 6453 and 2942329.
239
Calculate the greatest common divisor of 3520 and 5085960.
440
What is the greatest common factor of 1484 and 24016420?
212
What is the highest common factor of 32968 and 6773?
13
What is the highest common factor of 168270 and 310554?
426
What is the greatest common factor of 865956 and 259?
7
What is the highest common factor of 8858 and 857678?
86
Calculate the greatest common factor of 50281293 and 11652.
2913
What is the greatest common divisor of 107 and 759852903?
107
What is the highest common factor of 693145 and 475?
5
Calculate the greatest common factor of 169766208 and 48240.
9648
What is the highest common factor of 1084 and 2228191268?
1084
What is the greatest common factor of 2830828 and 10908?
404
Calculate the highest common divisor of 19402231 and 291.
97
Calculate the greatest common divisor of 12 and 30001908.
12
What is the highest common divisor of 498 and 462114?
6
What is the highest common divisor of 502211165 and 10?
5
What is the greatest common divisor of 62008138 and 498?
166
What is the highest common factor of 8 and 156968920?
8
What is the highest common factor of 11167 and 3901872637?
11167
Calculate the highest common divisor of 40 and 111460.
20
What is the greatest common divisor of 1980430 and 160?
10
What is the greatest common divisor of 71284 and 7345264?
1004
Calculate the greatest common factor of 266 and 163477881.
133
What is the highest common factor of 579 and 13847943?
579
Calculate the highest common divisor of 3807 and 128490057.
3807
Calculate the greatest common factor of 5902065 and 43776.
171
Calculate the greatest common divisor of 2272 and 1867835056.
1136
What is the greatest common divisor of 14092 and 9464?
52
What is the highest common divisor of 295581050 and 200?
50
What is the greatest common divisor of 2288655 and 121905?
405
What is the greatest common divisor of 313 and 113730428?
313
What is the highest common factor of 1866699 and 8883?
1269
Calculate the greatest common factor of 18378524 and 3152.
788
What is the greatest common divisor of 185704 and 135108?
556
Calculate the highest common divisor of 315651122 and 206.
206
What is the greatest common divisor of 481628 and 242977?
721
Calculate the highest common divisor of 145405408 and 16.
16
Calculate the greatest common factor of 49620 and 210058.
1654
What is the highest common divisor of 23835 and 180495?
105
Calculate the greatest common divisor of 3955301 and 212341.
3599
Calculate the greatest common divisor of 7988274 and 2401.
49
Calculate the greatest common divisor of 112672 and 1443107.
503
Calculate the greatest common factor of 22746 and 28866.
102
What is the highest common divisor of 598282 and 30760?
1538
Calculate the highest common divisor of 131462090 and 10.
10
Calculate the highest common factor of 16 and 48168588.
4
Calculate the highest common divisor of 837427 and 34712.
4339
Calculate the highest common factor of 106049 and 152413.
173
What is the highest common divisor of 1191195 and 1175775?
3855
Calculate the greatest common divisor of 3222 and 526890438.
3222
What is the highest common factor of 3856 and 910739?
241
What is the greatest common divisor of 1407 and 32924269?
469
Calculate the greatest common divisor of 510 and 15792830.
170
Calculate the highest common factor of 67184360 and 80.
40
What is the greatest common factor of 159 and 42410547?
159
What is the highest common factor of 76584360 and 1416?
1416
Calculate the greatest common divisor of 126047773 and 337.
337
What is the greatest common factor of 275562 and 1043?
7
What is the greatest common factor of 293422771 and 7463?
7463
What is the greatest common divisor of 1807 and 87628658?
1807
What is the greatest common divisor of 12657381 and 22?
11
Calculate the highest common factor of 1173 and 1836561.
51
Calculate the highest common divisor of 228 and 38901720.
12
What is the highest common divisor of 555 and 253619016?
111
Calculate the highest common factor of 1261231 and 91417.
809
Calculate the highest common divisor of 378 and 133052598.
378
What is the greatest common factor of 30866 and 35604?
46
Calculate the highest common factor of 14836 and 895449034.
7418
What is the greatest common factor of 5134 and 371603?
17
Calculate the greatest common factor of 16 and 24757952.
16
Calculate the highest common factor of 6714 and 27973881.
3357
Calculate the highest common factor of 2964 and 334009.
13
Calculate the greatest common factor of 14831382 and 206.
206
Calculate the highest common factor of 310 and 436720.
10
What is the greatest common factor of 71553 and 54341571?
1173
What is the highest common divisor of 10677 and 2548244?
3559
Calculate the greatest common factor of 806995443 and 142.
71
What is the greatest common factor of 1013549 and 7775?
311
Calculate the greatest common divisor of 298008 and 10728.
72
What is the greatest common factor of 7836 and 2031483?
1959
What is the greatest common divisor of 5797 and 118741073?
187
What is the highest common divisor of 170809267 and 62536?
7817
Calculate the highest common factor of 8 and 2912337.
1
What is the highest common factor of 9807415 and 10?
5
What is the highest common divisor of 4089160 and 744?
8
Calculate the greatest common divisor of 226 and 28786411.
113
What is the greatest common divisor of 354468 and 473708?
1084
Calculate the highest common divisor of 2373679140 and 10.
10
What is the greatest common divisor of 12569363 and 9?
1
What is the highest common factor of 4658 and 1249714?
274
What is the greatest common factor of 178679172 and 48?
12
What is the highest common factor of 4986 and 9873?
9
What is the highest common factor of 98 and 10285793?
7
What is the greatest common factor of 18207425 and 1105?
85
What is the greatest common divisor of 2544 and 1117293?
159
What is the highest common divisor of 6283354 and 434?
14
What is the highest common factor of 547998 and 239844?
1518
What is the greatest common divisor of 1178 and 3586762?
62
What is the highest common divisor of 272811 and 819?
21
What is the highest common divisor of 21520265 and 65?
65
Calculate the greatest common divisor of 255087 and 10584.
63
Calculate the highest common factor of 24340 and 7516.
4
What is the highest common divisor of 67194266 and 6626?
6626
Calculate the highest common divisor of 55978 and 50596.
26
What is the highest common factor of 6282857 and 15715?
3143
Calculate the greatest common factor of 196 and 37220057.
49
What is the highest common factor of 18998 and 527932?
118
Calculate the greatest common factor of 20 and 1678845360.
20
What is the greatest common divisor of 27683 and 33057967?
893
Calculate the greatest common factor of 1888370 and 38830.
110
What is the highest common factor of 510 and 1970970?
30
What is the highest common factor of 41313053 and 37?
37
What is the greatest common divisor of 112189 and 8?
1
Calculate the greatest common factor of 37630516 and 28.
28
Calculate the highest common divisor of 4174 and 454930521.
2087
What is the highest common divisor of 298 and 2618789730?
298
What is the highest common factor of 474892419 and 9162?
1527
What is the highest common divisor of 1447450 and 1?
1
What is the highest common divisor of 91639112 and 1632?
136
What is the highest common factor of 399462377 and 1637?
1637
Calculate the greatest common factor of 15785 and 117535.
55
Calculate the greatest common divisor of 398 and 9059674.
398
What is the greatest common divisor of 87196890 and 43890?
6270
What is the highest common divisor of 8116196 and 82984?
1804
What i